82.156.32.32 - - [20/Sep/2022:22:17:12 -0700] "GET /images/FencePostFancy_5x7_3photo_Tomato.jpg HTTP/1.1" 404 88 "-" "python-requests/2.27.1" "blueribbondesign.com"
82.156.32.32 - - [20/Sep/2022:22:17:13 -0700] "GET /images/FencePostFancy_5x7_3photo_Tomato.jpg HTTP/1.1" 404 88 "-" "python-requests/2.27.1" "blueribbondesign.com"
82.156.32.32 - - [20/Sep/2022:22:17:14 -0700] "GET /images/FencePostFancy_5x7_3photo_Tomato.jpg HTTP/1.1" 404 88 "-" "python-requests/2.27.1" "blueribbondesign.com"
82.156.32.32 - - [20/Sep/2022:22:19:05 -0700] "GET /images/ArabicMotif_black_2.jpg HTTP/1.1" 404 88 "-" "python-requests/2.27.1" "blueribbondesign.com"
82.156.32.32 - - [20/Sep/2022:22:19:06 -0700] "GET /images/ArabicMotif_black_2.jpg HTTP/1.1" 404 88 "-" "python-requests/2.27.1" "blueribbondesign.com"
82.156.32.32 - - [20/Sep/2022:22:19:06 -0700] "GET /images/ArabicMotif_black_2.jpg HTTP/1.1" 404 88 "-" "python-requests/2.27.1" "blueribbondesign.com"
152.136.108.250 - - [20/Sep/2022:22:20:08 -0700] "GET /images/RusticFloralPC_gunmetal.jpg HTTP/1.1" 404 88 "-" "python-requests/2.27.1" "blueribbondesign.com"
152.136.108.250 - - [20/Sep/2022:22:20:09 -0700] "GET /images/RusticFloralPC_gunmetal.jpg HTTP/1.1" 404 88 "-" "python-requests/2.27.1" "blueribbondesign.com"
152.136.108.250 - - [20/Sep/2022:22:20:09 -0700] "GET /images/RusticFloralPC_gunmetal.jpg HTTP/1.1" 404 88 "-" "python-requests/2.27.1" "blueribbondesign.com"
152.136.152.151 - - [20/Sep/2022:22:21:51 -0700] "GET /images/BowtieGarlandInvite_mermaid_2.jpg HTTP/1.1" 404 88 "-" "python-requests/2.27.1" "blueribbondesign.com"
152.136.152.151 - - [20/Sep/2022:22:21:51 -0700] "GET /images/BowtieGarlandInvite_mermaid_2.jpg HTTP/1.1" 404 88 "-" "python-requests/2.27.1" "blueribbondesign.com"
152.136.152.151 - - [20/Sep/2022:22:21:52 -0700] "GET /images/BowtieGarlandInvite_mermaid_2.jpg HTTP/1.1" 404 88 "-" "python-requests/2.27.1" "blueribbondesign.com"
114.119.146.179 - - [20/Sep/2022:22:33:05 -0700] "GET /?C=S%3BO%3DA HTTP/1.1" 200 270 "http://www.blueribbondesign.com/?C=M%3BO%3DA" "Mozilla/5.0 (Linux; Android 7.0;) AppleWebKit/537.36 (KHTML, like Gecko) Mobile Safari/537.36 (compatible; PetalBot;+https://webmaster.petalsearch.com/site/petalbot)" "www.blueribbondesign.com"
66.249.68.44 - - [20/Sep/2022:23:08:45 -0700] "GET /images/PopArtSoiree.jpg HTTP/1.1" 404 88 "-" "Mozilla/5.0 (compatible; Googlebot/2.1; +http://www.google.com/bot.html)" "blueribbondesign.com"
185.191.171.10 - - [20/Sep/2022:23:15:33 -0700] "GET /robots.txt HTTP/1.1" 404 88 "-" "Mozilla/5.0 (compatible; SemrushBot/7~bl; +http://www.semrush.com/bot.html)" "www.blueribbondesign.com"
185.191.171.43 - - [20/Sep/2022:23:15:34 -0700] "GET /letterpressstationery/06021_two.html HTTP/1.1" 404 88 "-" "Mozilla/5.0 (compatible; SemrushBot/7~bl; +http://www.semrush.com/bot.html)" "www.blueribbondesign.com"
66.249.68.40 - - [20/Sep/2022:23:19:46 -0700] "GET /images/BowtieGarlandInvite_mermaid_2.jpg HTTP/1.1" 404 88 "-" "Mozilla/5.0 (compatible; Googlebot/2.1; +http://www.google.com/bot.html)" "blueribbondesign.com"
40.77.167.103 - - [20/Sep/2022:23:30:29 -0700] "GET /robots.txt HTTP/1.1" 404 88 "-" "Mozilla/5.0 (compatible; bingbot/2.0; +http://www.bing.com/bingbot.htm)" "blueribbondesign.com"
157.55.39.166 - - [20/Sep/2022:23:30:33 -0700] "GET / HTTP/1.1" 200 270 "-" "Mozilla/5.0 (compatible; bingbot/2.0; +http://www.bing.com/bingbot.htm)" "blueribbondesign.com"
42.83.147.34 - - [20/Sep/2022:23:33:58 -0700] "GET / HTTP/1.1" 200 270 "-" "Mozilla/5.0 (Windows NT 6.1; Win64; x64) AppleWebKit/537.36 (KHTML, like Gecko)Chrome/74.0.3729.169 Safari/537.36" "blueribbondesign.com"
38.142.11.235 - - [20/Sep/2022:23:41:27 -0700] "GET /images/WishfulSnowfall_square_Winterberry.jpg HTTP/1.1" 404 73 "-" "Mozilla/5.0 (X11; Ubuntu; Linux x86_64; rv:72.0) Gecko/20100101 Firefox/72.0" "blueribbondesign.com"
38.142.11.235 - - [20/Sep/2022:23:41:28 -0700] "GET /images/WishfulSnowfall_square_Winterberry.jpg HTTP/1.1" 404 73 "-" "Mozilla/5.0 (X11; Ubuntu; Linux x86_64; rv:72.0) Gecko/20100101 Firefox/72.0" "blueribbondesign.com"
66.249.68.40 - - [20/Sep/2022:23:42:42 -0700] "GET /images/LeafyScreen_chocolate.jpg HTTP/1.1" 404 88 "-" "Mozilla/5.0 (compatible; Googlebot/2.1; +http://www.google.com/bot.html)" "blueribbondesign.com"
185.191.171.25 - - [20/Sep/2022:23:47:32 -0700] "GET /letterpressstationery/06021_two.html HTTP/1.1" 404 88 "-" "Mozilla/5.0 (compatible; SemrushBot/7~bl; +http://www.semrush.com/bot.html)" "www.blueribbondesign.com"
185.191.171.8 - - [20/Sep/2022:23:52:13 -0700] "GET /letterpress_holiday/05006_seasonsgreetings.html HTTP/1.1" 404 88 "-" "Mozilla/5.0 (compatible; SemrushBot/7~bl; +http://www.semrush.com/bot.html)" "www.blueribbondesign.com"
114.119.146.197 - - [20/Sep/2022:23:57:35 -0700] "GET /robots.txt HTTP/1.1" 404 88 "-" "Mozilla/5.0 (Linux; Android 7.0;) AppleWebKit/537.36 (KHTML, like Gecko) Mobile Safari/537.36 (compatible; PetalBot;+https://webmaster.petalsearch.com/site/petalbot)" "blueribbondesign.com"
66.249.68.44 - - [21/Sep/2022:00:07:13 -0700] "GET /images/DelightfullyDotted_5x7_BrightRed.jpg HTTP/1.1" 404 88 "-" "Mozilla/5.0 (compatible; Googlebot/2.1; +http://www.google.com/bot.html)" "blueribbondesign.com"
34.67.96.123 - - [21/Sep/2022:00:13:51 -0700] "GET /images/MerryInvitation_Scarlet.jpg HTTP/1.1" 404 73 "-" "Mozilla/5.0 (X11; Ubuntu; Linux x86_64; rv:72.0) Gecko/20100101 Firefox/72.0" "blueribbondesign.com"
157.90.182.23 - - [21/Sep/2022:00:49:58 -0700] "GET /robots.txt HTTP/1.1" 404 88 "-" "Mozilla/5.0 (compatible; BLEXBot/1.0; +http://webmeup-crawler.com/)" "blueribbondesign.com"
157.90.182.23 - - [21/Sep/2022:00:49:59 -0700] "GET / HTTP/1.1" 200 270 "-" "Mozilla/5.0 (compatible; BLEXBot/1.0; +http://webmeup-crawler.com/)" "blueribbondesign.com"
159.138.49.41 - - [21/Sep/2022:00:56:03 -0700] "GET /images/FestiveStyleInvite.jpg HTTP/1.1" 404 88 "-" "Mozilla/5.0 (Windows NT 10.0; Win64; x64) AppleWebKit/537.36 (KHTML, like Gecko) Chrome/54.0.2840.99 Safari/537.36" "www.blueribbondesign.com"
66.249.68.42 - - [21/Sep/2022:01:02:44 -0700] "GET /images/WishfulSnowfall_square_Winterberry.jpg HTTP/1.1" 404 88 "-" "Mozilla/5.0 (compatible; Googlebot/2.1; +http://www.google.com/bot.html)" "blueribbondesign.com"
5.188.62.26 - - [21/Sep/2022:01:03:43 -0700] "GET / HTTP/1.1" 200 270 "-" "Mozilla/5.0 (Windows NT 10.0; Win64; x64) AppleWebKit/537.36 (KHTML, like Gecko) Chrome/99.0.4844.84 Safari/537.36" "blueribbonstationery.com"
66.249.68.16 - - [21/Sep/2022:01:07:24 -0700] "GET /images/TreeLineCheer_5x7_Cabernet.jpg HTTP/1.1" 404 88 "-" "Mozilla/5.0 (compatible; Googlebot/2.1; +http://www.google.com/bot.html)" "www.blueribbondesign.com"
66.249.68.44 - - [21/Sep/2022:01:27:07 -0700] "GET /images/ArabicMotif_peppermint.jpg HTTP/1.1" 404 88 "-" "Mozilla/5.0 (compatible; Googlebot/2.1; +http://www.google.com/bot.html)" "blueribbondesign.com"
66.249.68.40 - - [21/Sep/2022:01:38:52 -0700] "GET /images/SimplestofJoys_5x7F_Mist.jpg HTTP/1.1" 404 88 "-" "Mozilla/5.0 (compatible; Googlebot/2.1; +http://www.google.com/bot.html)" "blueribbondesign.com"
66.249.68.40 - - [21/Sep/2022:01:48:33 -0700] "GET /images/WishfulSnowfall_5x7_3photo_Wave.jpg HTTP/1.1" 404 88 "-" "Mozilla/5.0 (compatible; Googlebot/2.1; +http://www.google.com/bot.html)" "blueribbondesign.com"
66.249.68.42 - - [21/Sep/2022:01:53:02 -0700] "GET /images/PicturesquePlants_gold.jpg HTTP/1.1" 404 88 "-" "Mozilla/5.0 (compatible; Googlebot/2.1; +http://www.google.com/bot.html)" "blueribbondesign.com"
185.191.171.4 - - [21/Sep/2022:01:54:04 -0700] "GET /robots.txt HTTP/1.1" 404 88 "-" "Mozilla/5.0 (compatible; SemrushBot/7~bl; +http://www.semrush.com/bot.html)" "www.blueribbondesign.com"
185.191.171.45 - - [21/Sep/2022:01:54:04 -0700] "GET /letterpressstationery/08019_duanepark_detail.html HTTP/1.1" 404 88 "-" "Mozilla/5.0 (compatible; SemrushBot/7~bl; +http://www.semrush.com/bot.html)" "www.blueribbondesign.com"
141.98.6.191 - - [21/Sep/2022:02:12:33 -0700] "GET / HTTP/1.1" 200 270 "-" "python-requests/2.27.1" "blueribbonstationery.com"
170.106.193.192 - - [21/Sep/2022:02:12:43 -0700] "GET /images/RusticFloralPC_rosemary.jpg HTTP/1.1" 404 73 "-" "Mozilla/5.0 (X11; Ubuntu; Linux x86_64; rv:72.0) Gecko/20100101 Firefox/72.0" "blueribbondesign.com"
61.135.159.197 - - [21/Sep/2022:02:16:07 -0700] "GET / HTTP/1.1" 200 270 "-" "Sogou web spider/4.0(+http://www.sogou.com/docs/help/webmasters.htm#07)" "blueribbondesign.com"
54.71.187.124 - - [21/Sep/2022:02:55:30 -0700] "GET / HTTP/1.1" 200 270 "-" "Mozilla/5.0 (Windows NT 6.1; Win64; x64) AppleWebKit/537.36 (KHTML, like Gecko) Chrome/103.0.5060.114 Safari/537.36" "blueribbondesign.com"
157.55.39.28 - - [21/Sep/2022:03:03:01 -0700] "GET /images/DoveTapestryV_khaki.jpg HTTP/1.1" 404 88 "-" "Mozilla/5.0 (compatible; bingbot/2.0; +http://www.bing.com/bingbot.htm)" "www.blueribbondesign.com"
185.191.171.18 - - [21/Sep/2022:03:03:14 -0700] "GET /robots.txt HTTP/1.1" 404 88 "-" "Mozilla/5.0 (compatible; SemrushBot/7~bl; +http://www.semrush.com/bot.html)" "www.blueribbondesign.com"
185.191.171.39 - - [21/Sep/2022:03:03:15 -0700] "GET /letterpressstationery/folded_notecards.html HTTP/1.1" 404 88 "-" "Mozilla/5.0 (compatible; SemrushBot/7~bl; +http://www.semrush.com/bot.html)" "www.blueribbondesign.com"
38.142.11.235 - - [21/Sep/2022:03:09:14 -0700] "GET /images/TreeLineCheer_5x7F_SpruceGreen.jpg HTTP/1.1" 404 73 "-" "Mozilla/5.0 (X11; Ubuntu; Linux x86_64; rv:72.0) Gecko/20100101 Firefox/72.0" "www.blueribbondesign.com"
66.249.68.40 - - [21/Sep/2022:03:12:32 -0700] "GET /images/SpiralsPhotoMountBlack.jpg HTTP/1.1" 404 88 "-" "Mozilla/5.0 (compatible; Googlebot/2.1; +http://www.google.com/bot.html)" "blueribbondesign.com"
66.249.68.24 - - [21/Sep/2022:03:20:06 -0700] "GET /robots.txt HTTP/1.1" 404 88 "-" "Mozilla/5.0 (compatible; Googlebot/2.1; +http://www.google.com/bot.html)" "www.blueribbondesign.com"
66.249.68.16 - - [21/Sep/2022:03:24:58 -0700] "GET /images/ChicDelight_SquareCard.jpg HTTP/1.1" 404 88 "-" "Mozilla/5.0 (compatible; Googlebot/2.1; +http://www.google.com/bot.html)" "www.blueribbondesign.com"
66.249.68.40 - - [21/Sep/2022:03:32:04 -0700] "GET /images/RusticFloralPC_gunmetal.jpg HTTP/1.1" 404 88 "-" "Mozilla/5.0 (compatible; Googlebot/2.1; +http://www.google.com/bot.html)" "blueribbondesign.com"
123.125.109.116 - - [21/Sep/2022:03:56:47 -0700] "GET / HTTP/1.1" 200 270 "-" "Sogou web spider/4.0(+http://www.sogou.com/docs/help/webmasters.htm#07)" "www.blueribbondesign.com"
66.249.68.40 - - [21/Sep/2022:04:16:16 -0700] "GET /robots.txt HTTP/1.1" 404 88 "-" "Mozilla/5.0 (compatible; Googlebot/2.1; +http://www.google.com/bot.html)" "blueribbondesign.com"
51.222.253.16 - - [21/Sep/2022:04:18:25 -0700] "GET /?C=S;O=A HTTP/1.1" 200 271 "-" "Mozilla/5.0 (compatible; AhrefsBot/7.0; +http://ahrefs.com/robot/)" "blueribbondesign.com"
66.249.68.40 - - [21/Sep/2022:04:25:23 -0700] "GET /images/WishfulSnowfall_5x7_SpruceGreen.jpg HTTP/1.1" 404 88 "-" "Mozilla/5.0 (compatible; Googlebot/2.1; +http://www.google.com/bot.html)" "blueribbondesign.com"
66.249.68.40 - - [21/Sep/2022:04:33:29 -0700] "GET /images/ExquisiteDamask_black_2.jpg HTTP/1.1" 404 88 "-" "Mozilla/5.0 (compatible; Googlebot/2.1; +http://www.google.com/bot.html)" "blueribbondesign.com"
54.245.31.238 - - [21/Sep/2022:04:43:00 -0700] "GET / HTTP/1.1" 200 270 "-" "Mozilla/5.0 (X11; Linux x86_64) AppleWebKit/537.36 (KHTML, like Gecko) Chrome/83.0.4103.97 Safari/537.36" "blueribbondesign.com"
34.219.223.223 - - [21/Sep/2022:04:43:01 -0700] "GET / HTTP/1.1" 200 270 "-" "Mozilla/5.0 (X11; Linux x86_64) AppleWebKit/537.36 (KHTML, like Gecko) Chrome/83.0.4103.97 Safari/537.36" "blueribbondesign.com"
18.237.143.231 - - [21/Sep/2022:04:43:19 -0700] "GET /favicon.ico HTTP/1.1" 404 88 "-" "Mozilla/5.0 (X11; Linux x86_64) AppleWebKit/537.36 (KHTML, like Gecko) Chrome/83.0.4103.97 Safari/537.36" "blueribbondesign.com"
18.237.143.231 - - [21/Sep/2022:04:43:22 -0700] "GET / HTTP/1.1" 200 270 "-" "Mozilla/5.0 (X11; Linux x86_64) AppleWebKit/537.36 (KHTML, like Gecko) Chrome/83.0.4103.97 Safari/537.36" "blueribbondesign.com"
54.202.216.117 - - [21/Sep/2022:04:43:26 -0700] "GET /favicon.ico HTTP/1.1" 404 88 "-" "Mozilla/5.0 (X11; Linux x86_64) AppleWebKit/537.36 (KHTML, like Gecko) Chrome/83.0.4103.97 Safari/537.36" "blueribbondesign.com"
54.202.216.117 - - [21/Sep/2022:04:43:27 -0700] "GET / HTTP/1.1" 200 270 "-" "Mozilla/5.0 (X11; Linux x86_64) AppleWebKit/537.36 (KHTML, like Gecko) Chrome/83.0.4103.97 Safari/537.36" "blueribbondesign.com"
54.236.1.13 - - [21/Sep/2022:04:48:01 -0700] "GET /robots.txt HTTP/1.1" 404 88 "-" "Mozilla/5.0 (compatible; Pinterestbot/1.0; +http://www.pinterest.com/bot.html)" "blueribbondesign.com"
54.236.1.13 - - [21/Sep/2022:04:48:01 -0700] "GET / HTTP/1.1" 200 270 "-" "Mozilla/5.0 (compatible; Pinterestbot/1.0; +http://www.pinterest.com/bot.html)" "blueribbondesign.com"
185.191.171.39 - - [21/Sep/2022:04:52:06 -0700] "GET /robots.txt HTTP/1.1" 404 88 "-" "Mozilla/5.0 (compatible; SemrushBot/7~bl; +http://www.semrush.com/bot.html)" "www.blueribbondesign.com"
185.191.171.34 - - [21/Sep/2022:04:52:07 -0700] "GET /letterpressgreetingcards/index.html HTTP/1.1" 404 88 "-" "Mozilla/5.0 (compatible; SemrushBot/7~bl; +http://www.semrush.com/bot.html)" "www.blueribbondesign.com"
114.119.143.124 - - [21/Sep/2022:04:55:08 -0700] "GET /robots.txt HTTP/1.1" 404 88 "-" "Mozilla/5.0 (compatible;PetalBot;+https://webmaster.petalsearch.com/site/petalbot)" "blueribbondesign.com"
66.249.68.40 - - [21/Sep/2022:05:00:59 -0700] "GET /images/BandedFloralPC_poppy.jpg HTTP/1.1" 404 88 "-" "Mozilla/5.0 (compatible; Googlebot/2.1; +http://www.google.com/bot.html)" "blueribbondesign.com"
185.191.171.2 - - [21/Sep/2022:05:10:08 -0700] "GET /WeddingPaperDivas/WPD_WeddingAnnouncements.html HTTP/1.1" 404 88 "-" "Mozilla/5.0 (compatible; SemrushBot/7~bl; +http://www.semrush.com/bot.html)" "www.blueribbondesign.com"
66.249.68.16 - - [21/Sep/2022:05:44:02 -0700] "GET /images/JoyfulHanukkah_square_Storm.jpg HTTP/1.1" 404 88 "-" "Mozilla/5.0 (compatible; Googlebot/2.1; +http://www.google.com/bot.html)" "www.blueribbondesign.com"
137.226.113.44 - - [21/Sep/2022:05:45:27 -0700] "GET / HTTP/1.1" 200 270 "-" "Mozilla/5.0 zgrab/0.x (compatible; Researchscan/http; +http://researchscan.comsys.rwth-aachen.de)" "www.blueribbondesign.com"
216.244.66.249 - - [21/Sep/2022:05:47:20 -0700] "GET /robots.txt HTTP/1.1" 404 73 "-" "Mozilla/5.0 (compatible; DotBot/1.2; +https://opensiteexplorer.org/dotbot; help@moz.com)" "www.blueribbondesign.com"
35.88.243.75 - - [21/Sep/2022:05:48:44 -0700] "GET /images/ExquisiteDamask_black_2.jpg HTTP/1.1" 404 73 "-" "Mozilla/5.0 (X11; Ubuntu; Linux x86_64; rv:72.0) Gecko/20100101 Firefox/72.0" "blueribbondesign.com"
34.220.193.233 - - [21/Sep/2022:05:50:45 -0700] "GET /images/DelightfullyDotted_5x7_BrightRed.jpg HTTP/1.1" 404 73 "-" "Mozilla/5.0 (X11; Ubuntu; Linux x86_64; rv:72.0) Gecko/20100101 Firefox/72.0" "www.blueribbondesign.com"
66.249.68.20 - - [21/Sep/2022:05:50:54 -0700] "GET /images/BowtieGarlandInvite_siren.jpg HTTP/1.1" 404 88 "-" "Mozilla/5.0 (compatible; Googlebot/2.1; +http://www.google.com/bot.html)" "www.blueribbondesign.com"
66.249.68.44 - - [21/Sep/2022:05:53:11 -0700] "GET /images/DecoMarquee_periwinkle.jpg HTTP/1.1" 404 88 "-" "Mozilla/5.0 (compatible; Googlebot/2.1; +http://www.google.com/bot.html)" "blueribbondesign.com"
34.222.68.130 - - [21/Sep/2022:05:53:17 -0700] "GET /images/BRforWPD_index.jpg HTTP/1.1" 404 73 "-" "Mozilla/5.0 (X11; Ubuntu; Linux x86_64; rv:72.0) Gecko/20100101 Firefox/72.0" "www.blueribbondesign.com"
34.220.193.233 - - [21/Sep/2022:05:54:38 -0700] "GET /images/ExquisiteDamask_richred.jpg HTTP/1.1" 404 73 "-" "Mozilla/5.0 (X11; Ubuntu; Linux x86_64; rv:72.0) Gecko/20100101 Firefox/72.0" "blueribbondesign.com"
51.222.253.2 - - [21/Sep/2022:06:05:44 -0700] "GET /?C=N;O=D HTTP/1.1" 200 268 "-" "Mozilla/5.0 (compatible; AhrefsBot/7.0; +http://ahrefs.com/robot/)" "blueribbondesign.com"
34.67.96.123 - - [21/Sep/2022:06:09:17 -0700] "GET /images/WishfulSnowfall_5x7_3photo_Wave.jpg HTTP/1.1" 404 73 "-" "Mozilla/5.0 (X11; Ubuntu; Linux x86_64; rv:72.0) Gecko/20100101 Firefox/72.0" "www.blueribbondesign.com"
207.46.13.74 - - [21/Sep/2022:06:20:32 -0700] "GET / HTTP/1.1" 200 270 "-" "Mozilla/5.0 AppleWebKit/537.36 (KHTML, like Gecko; compatible; bingbot/2.0; +http://www.bing.com/bingbot.htm) Chrome/103.0.5060.134 Safari/537.36" "blueribbondesign.com"
66.249.68.42 - - [21/Sep/2022:06:26:26 -0700] "GET /images/BowtieGarlandInvite_siren.jpg HTTP/1.1" 404 88 "-" "Mozilla/5.0 (compatible; Googlebot/2.1; +http://www.google.com/bot.html)" "blueribbondesign.com"
61.135.159.197 - - [21/Sep/2022:06:36:58 -0700] "GET / HTTP/1.1" 200 270 "-" "Sogou web spider/4.0(+http://www.sogou.com/docs/help/webmasters.htm#07)" "blueribbondesign.com"
182.160.2.190 - - [21/Sep/2022:06:44:30 -0700] "GET /images/FestiveStyleInvite.jpg HTTP/1.1" 404 88 "-" "Mozilla/5.0 (Windows NT 10.0; Win64; x64) AppleWebKit/537.36 (KHTML, like Gecko) Chrome/54.0.2840.99 Safari/537.36" "blueribbondesign.com"
66.249.68.44 - - [21/Sep/2022:07:02:23 -0700] "GET /images/ArabicMotif_black.jpg HTTP/1.1" 404 88 "-" "Mozilla/5.0 (compatible; Googlebot/2.1; +http://www.google.com/bot.html)" "blueribbondesign.com"
34.67.96.123 - - [21/Sep/2022:07:06:11 -0700] "GET /images/DelightfullyDotted_5x7_BrightRed.jpg HTTP/1.1" 404 73 "-" "Mozilla/5.0 (X11; Ubuntu; Linux x86_64; rv:72.0) Gecko/20100101 Firefox/72.0" "blueribbondesign.com"
66.249.68.44 - - [21/Sep/2022:07:08:31 -0700] "GET /images/StylishCalligraphyInvite.jpg HTTP/1.1" 404 88 "-" "Mozilla/5.0 (compatible; Googlebot/2.1; +http://www.google.com/bot.html)" "blueribbondesign.com"
66.249.68.16 - - [21/Sep/2022:07:11:38 -0700] "GET /images/ModernChevron_Square_Cranberry.jpg HTTP/1.1" 404 88 "-" "Mozilla/5.0 (compatible; Googlebot/2.1; +http://www.google.com/bot.html)" "www.blueribbondesign.com"
51.15.183.168 - - [21/Sep/2022:07:12:03 -0700] "GET /includes/fckeditor/editor/filemanager/browser/default/connectors/php/connector.php?Command=GetFoldersAndFiles&Type=File&CurrentFolder=%2F HTTP/1.1" 404 73 "-" "Mozilla/5.0 (Windows NT 6.3; Win64; x64) AppleWebKit/537.36 (KHTML, like Gecko) Chrome/75.0.3770.100 Safari/537.36" "blueribbondesign.com"
66.249.68.42 - - [21/Sep/2022:07:12:04 -0700] "GET /images/LeafyScreen_willow.jpg HTTP/1.1" 404 88 "-" "Mozilla/5.0 (compatible; Googlebot/2.1; +http://www.google.com/bot.html)" "blueribbondesign.com"
5.188.62.21 - - [21/Sep/2022:07:21:47 -0700] "GET / HTTP/1.1" 200 270 "-" "Mozilla/5.0 (Windows NT 6.1; WOW64) AppleWebKit/537.36 (KHTML, like Gecko) Chrome/99.0.4844.84 Safari/537.36" "blueribbonstationery.com"
157.55.39.166 - - [21/Sep/2022:07:27:43 -0700] "GET /images/sweetswallows_bamboo.jpg HTTP/1.1" 404 88 "-" "Mozilla/5.0 (compatible; bingbot/2.0; +http://www.bing.com/bingbot.htm)" "www.blueribbondesign.com"
123.125.109.116 - - [21/Sep/2022:07:31:36 -0700] "GET / HTTP/1.1" 200 270 "-" "Sogou web spider/4.0(+http://www.sogou.com/docs/help/webmasters.htm#07)" "www.blueribbondesign.com"
207.46.13.74 - - [21/Sep/2022:07:34:59 -0700] "GET / HTTP/1.1" 200 270 "-" "Mozilla/5.0 (compatible; bingbot/2.0; +http://www.bing.com/bingbot.htm)" "www.blueribbondesign.com"
66.249.68.20 - - [21/Sep/2022:07:36:56 -0700] "GET /images/FestiveStyleInvite.jpg HTTP/1.1" 404 88 "-" "Mozilla/5.0 (compatible; Googlebot/2.1; +http://www.google.com/bot.html)" "www.blueribbondesign.com"
66.249.68.42 - - [21/Sep/2022:07:37:42 -0700] "GET /images/LeafyScreen_black_2.jpg HTTP/1.1" 404 88 "-" "Mozilla/5.0 (compatible; Googlebot/2.1; +http://www.google.com/bot.html)" "blueribbondesign.com"
66.249.68.16 - - [21/Sep/2022:07:45:21 -0700] "GET /images/DelightfulScallopsMulti_peppermint.jpg HTTP/1.1" 404 88 "-" "Mozilla/5.0 (compatible; Googlebot/2.1; +http://www.google.com/bot.html)" "www.blueribbondesign.com"
66.249.68.40 - - [21/Sep/2022:07:54:23 -0700] "GET /images/LeafyScreen_black.jpg HTTP/1.1" 404 88 "-" "Mozilla/5.0 (compatible; Googlebot/2.1; +http://www.google.com/bot.html)" "blueribbondesign.com"
34.67.96.123 - - [21/Sep/2022:07:54:56 -0700] "GET /images/LeafyScreen_black.jpg HTTP/1.1" 404 73 "-" "Mozilla/5.0 (X11; Ubuntu; Linux x86_64; rv:72.0) Gecko/20100101 Firefox/72.0" "www.blueribbondesign.com"
157.55.39.166 - - [21/Sep/2022:07:58:52 -0700] "GET / HTTP/1.1" 200 270 "-" "Mozilla/5.0 (compatible; bingbot/2.0; +http://www.bing.com/bingbot.htm)" "www.blueribbondesign.com"
114.119.142.43 - - [21/Sep/2022:08:03:01 -0700] "GET /robots.txt HTTP/1.1" 404 88 "-" "Mozilla/5.0 (compatible;PetalBot;+https://webmaster.petalsearch.com/site/petalbot)" "www.blueribbondesign.com"
66.249.68.24 - - [21/Sep/2022:08:07:50 -0700] "GET /images/LeafyScreen_willow.jpg HTTP/1.1" 404 88 "-" "Mozilla/5.0 (compatible; Googlebot/2.1; +http://www.google.com/bot.html)" "www.blueribbondesign.com"
66.249.68.44 - - [21/Sep/2022:08:17:20 -0700] "GET /images/DecoMarquee_begonia.jpg HTTP/1.1" 404 88 "-" "Mozilla/5.0 (compatible; Googlebot/2.1; +http://www.google.com/bot.html)" "blueribbondesign.com"
66.249.68.42 - - [21/Sep/2022:08:19:13 -0700] "GET /images/AllThingsSparkle_FlatCard.jpg HTTP/1.1" 404 88 "-" "Mozilla/5.0 (compatible; Googlebot/2.1; +http://www.google.com/bot.html)" "blueribbondesign.com"
17.121.114.27 - - [21/Sep/2022:08:19:43 -0700] "GET /robots.txt HTTP/1.1" 404 88 "-" "Mozilla/5.0 (Macintosh; Intel Mac OS X 10_15_5) AppleWebKit/605.1.15 (KHTML, like Gecko) Version/13.1.1 Safari/605.1.15 (Applebot/0.1; +http://www.apple.com/go/applebot)" "blueribbonstationery.com"
17.121.114.27 - - [21/Sep/2022:08:19:43 -0700] "GET / HTTP/1.1" 200 270 "-" "Mozilla/5.0 (Macintosh; Intel Mac OS X 10_15_5) AppleWebKit/605.1.15 (KHTML, like Gecko) Version/13.1.1 Safari/605.1.15 (Applebot/0.1; +http://www.apple.com/go/applebot)" "blueribbonstationery.com"
66.249.68.44 - - [21/Sep/2022:08:22:18 -0700] "GET /images/SweetSpiral_deepturquoise.jpg HTTP/1.1" 404 88 "-" "Mozilla/5.0 (compatible; Googlebot/2.1; +http://www.google.com/bot.html)" "blueribbondesign.com"
66.249.68.44 - - [21/Sep/2022:08:32:14 -0700] "GET /images/TreeLineCheer_5x7_2photo_ForestGreen.jpg HTTP/1.1" 404 88 "-" "Mozilla/5.0 (compatible; Googlebot/2.1; +http://www.google.com/bot.html)" "blueribbondesign.com"
66.249.68.20 - - [21/Sep/2022:08:35:09 -0700] "GET /images/WishfulSnowfall_5x7_SpruceGreen.jpg HTTP/1.1" 404 88 "-" "Mozilla/5.0 (compatible; Googlebot/2.1; +http://www.google.com/bot.html)" "www.blueribbondesign.com"
66.249.68.42 - - [21/Sep/2022:08:36:29 -0700] "GET /images/ArabicMotif_black_2.jpg HTTP/1.1" 404 88 "-" "Mozilla/5.0 (compatible; Googlebot/2.1; +http://www.google.com/bot.html)" "blueribbondesign.com"
66.249.68.20 - - [21/Sep/2022:08:48:23 -0700] "GET /images/LeafyScreen_black.jpg HTTP/1.1" 404 88 "-" "Mozilla/5.0 (compatible; Googlebot/2.1; +http://www.google.com/bot.html)" "www.blueribbondesign.com"
34.67.96.123 - - [21/Sep/2022:08:53:07 -0700] "GET /images/BowtieGarlandInvite_mermaid.jpg HTTP/1.1" 404 73 "-" "Mozilla/5.0 (X11; Ubuntu; Linux x86_64; rv:72.0) Gecko/20100101 Firefox/72.0" "www.blueribbondesign.com"
35.208.90.124 - - [21/Sep/2022:08:57:30 -0700] "GET /TinyPrints/TP_index.html HTTP/1.1" 404 88 "-" "Buck/2.3.2; (+https://app.hypefactors.com/media-monitoring/about.html)" "www.blueribbondesign.com"
66.249.68.40 - - [21/Sep/2022:08:57:40 -0700] "GET /images/SimplestofJoys_5x7_Fog.jpg HTTP/1.1" 404 88 "-" "Mozilla/5.0 (compatible; Googlebot/2.1; +http://www.google.com/bot.html)" "blueribbondesign.com"
35.208.90.124 - - [21/Sep/2022:08:57:58 -0700] "GET /letterpress_holiday/index.html HTTP/1.1" 404 88 "-" "Buck/2.3.2; (+https://app.hypefactors.com/media-monitoring/about.html)" "www.blueribbondesign.com"
35.208.90.124 - - [21/Sep/2022:08:58:26 -0700] "GET /TinyPrints/TP_index HTTP/1.1" 404 88 "-" "Buck/2.3.2; (+https://app.hypefactors.com/media-monitoring/about.html)" "www.blueribbondesign.com"
35.208.90.124 - - [21/Sep/2022:08:58:52 -0700] "GET /WeddingPaperDivas/WPD_index.html HTTP/1.1" 404 88 "-" "Buck/2.3.2; (+https://app.hypefactors.com/media-monitoring/about.html)" "www.blueribbondesign.com"
35.208.90.124 - - [21/Sep/2022:08:59:34 -0700] "GET /letterpressgreetingcards/index.html HTTP/1.1" 404 88 "-" "Buck/2.3.2; (+https://app.hypefactors.com/media-monitoring/about.html)" "www.blueribbondesign.com"
159.138.54.167 - - [21/Sep/2022:09:03:52 -0700] "GET /images/ArabicMotif_khaki.jpg HTTP/1.1" 404 88 "-" "Mozilla/5.0 (Windows NT 10.0; Win64; x64) AppleWebKit/537.36 (KHTML, like Gecko) Chrome/54.0.2840.99 Safari/537.36" "www.blueribbondesign.com"
102.129.152.248 - - [21/Sep/2022:09:04:16 -0700] "GET /wp-login.php HTTP/1.1" 404 88 "-" "Mozilla/5.0 (Windows NT 10.0; Win64; x64) AppleWebKit/537.36 (KHTML, like Gecko) Chrome/91.0.4472.124 Safari/537.36" "www.blueribbondesign.com"
66.249.68.40 - - [21/Sep/2022:09:07:37 -0700] "GET /images/DelightfullyDotted_trifold_BrightRed.jpg HTTP/1.1" 404 88 "-" "Mozilla/5.0 (compatible; Googlebot/2.1; +http://www.google.com/bot.html)" "blueribbondesign.com"
66.249.68.42 - - [21/Sep/2022:09:09:01 -0700] "GET /images/DecoMarquee_burst.jpg HTTP/1.1" 404 88 "-" "Mozilla/5.0 (compatible; Googlebot/2.1; +http://www.google.com/bot.html)" "blueribbondesign.com"
66.249.68.40 - - [21/Sep/2022:09:15:04 -0700] "GET /images/JoyfulHanukkah_square_Storm.jpg HTTP/1.1" 404 88 "-" "Mozilla/5.0 (compatible; Googlebot/2.1; +http://www.google.com/bot.html)" "blueribbondesign.com"
66.249.68.42 - - [21/Sep/2022:09:20:35 -0700] "GET /images/SweetSpiral_burst.jpg HTTP/1.1" 404 88 "-" "Mozilla/5.0 (compatible; Googlebot/2.1; +http://www.google.com/bot.html)" "blueribbondesign.com"
157.55.39.166 - - [21/Sep/2022:09:21:30 -0700] "GET / HTTP/1.1" 200 270 "-" "Mozilla/5.0 AppleWebKit/537.36 (KHTML, like Gecko; compatible; bingbot/2.0; +http://www.bing.com/bingbot.htm) Chrome/103.0.5060.134 Safari/537.36" "blueribbondesign.com"
51.12.50.173 - - [21/Sep/2022:09:49:15 -0700] "GET / HTTP/1.1" 200 398 "-" "Mozilla/5.0 (Windows NT 10.0; Win64; x64) AppleWebKit/537.36 (KHTML, like Gecko) Chrome/78.0.3904.108 Safari/537.36" "blueribbondesign.com"
51.12.50.173 - - [21/Sep/2022:09:49:15 -0700] "GET / HTTP/1.1" 200 398 "-" "Mozilla/5.0 (Windows NT 10.0; Win64; x64) AppleWebKit/537.36 (KHTML, like Gecko) Chrome/78.0.3904.108 Safari/537.36" "blueribbondesign.com"
51.12.50.173 - - [21/Sep/2022:09:49:15 -0700] "GET /wp-includes/wlwmanifest.xml HTTP/1.1" 404 73 "-" "Mozilla/5.0 (Windows NT 10.0; Win64; x64) AppleWebKit/537.36 (KHTML, like Gecko) Chrome/78.0.3904.108 Safari/537.36" "blueribbondesign.com"
51.12.50.173 - - [21/Sep/2022:09:50:16 -0700] "GET /blog/wp-includes/wlwmanifest.xml HTTP/1.1" 404 73 "-" "Mozilla/5.0 (Windows NT 10.0; Win64; x64) AppleWebKit/537.36 (KHTML, like Gecko) Chrome/78.0.3904.108 Safari/537.36" "blueribbondesign.com"
51.12.50.173 - - [21/Sep/2022:09:50:16 -0700] "GET /web/wp-includes/wlwmanifest.xml HTTP/1.1" 404 73 "-" "Mozilla/5.0 (Windows NT 10.0; Win64; x64) AppleWebKit/537.36 (KHTML, like Gecko) Chrome/78.0.3904.108 Safari/537.36" "blueribbondesign.com"
51.12.50.173 - - [21/Sep/2022:09:50:17 -0700] "GET /website/wp-includes/wlwmanifest.xml HTTP/1.1" 404 73 "-" "Mozilla/5.0 (Windows NT 10.0; Win64; x64) AppleWebKit/537.36 (KHTML, like Gecko) Chrome/78.0.3904.108 Safari/537.36" "blueribbondesign.com"
51.12.50.173 - - [21/Sep/2022:09:50:17 -0700] "GET /news/wp-includes/wlwmanifest.xml HTTP/1.1" 404 73 "-" "Mozilla/5.0 (Windows NT 10.0; Win64; x64) AppleWebKit/537.36 (KHTML, like Gecko) Chrome/78.0.3904.108 Safari/537.36" "blueribbondesign.com"
51.12.50.173 - - [21/Sep/2022:09:50:17 -0700] "GET /2018/wp-includes/wlwmanifest.xml HTTP/1.1" 404 73 "-" "Mozilla/5.0 (Windows NT 10.0; Win64; x64) AppleWebKit/537.36 (KHTML, like Gecko) Chrome/78.0.3904.108 Safari/537.36" "blueribbondesign.com"
51.12.50.173 - - [21/Sep/2022:09:50:18 -0700] "GET /2019/wp-includes/wlwmanifest.xml HTTP/1.1" 404 73 "-" "Mozilla/5.0 (Windows NT 10.0; Win64; x64) AppleWebKit/537.36 (KHTML, like Gecko) Chrome/78.0.3904.108 Safari/537.36" "blueribbondesign.com"
51.12.50.173 - - [21/Sep/2022:09:50:18 -0700] "GET /shop/wp-includes/wlwmanifest.xml HTTP/1.1" 404 73 "-" "Mozilla/5.0 (Windows NT 10.0; Win64; x64) AppleWebKit/537.36 (KHTML, like Gecko) Chrome/78.0.3904.108 Safari/537.36" "blueribbondesign.com"
51.12.50.173 - - [21/Sep/2022:09:50:19 -0700] "GET /wp1/wp-includes/wlwmanifest.xml HTTP/1.1" 404 73 "-" "Mozilla/5.0 (Windows NT 10.0; Win64; x64) AppleWebKit/537.36 (KHTML, like Gecko) Chrome/78.0.3904.108 Safari/537.36" "blueribbondesign.com"
51.12.50.173 - - [21/Sep/2022:09:50:19 -0700] "GET /test/wp-includes/wlwmanifest.xml HTTP/1.1" 404 73 "-" "Mozilla/5.0 (Windows NT 10.0; Win64; x64) AppleWebKit/537.36 (KHTML, like Gecko) Chrome/78.0.3904.108 Safari/537.36" "blueribbondesign.com"
51.12.50.173 - - [21/Sep/2022:09:50:19 -0700] "GET / HTTP/1.1" 200 398 "-" "Mozilla/5.0 (Windows NT 10.0; Win64; x64) AppleWebKit/537.36 (KHTML, like Gecko) Chrome/78.0.3904.108 Safari/537.36" "blueribbonstationery.com"
51.12.50.173 - - [21/Sep/2022:09:50:19 -0700] "GET /media/wp-includes/wlwmanifest.xml HTTP/1.1" 404 73 "-" "Mozilla/5.0 (Windows NT 10.0; Win64; x64) AppleWebKit/537.36 (KHTML, like Gecko) Chrome/78.0.3904.108 Safari/537.36" "blueribbondesign.com"
51.12.50.173 - - [21/Sep/2022:09:50:20 -0700] "GET /wp-includes/wlwmanifest.xml HTTP/1.1" 404 73 "-" "Mozilla/5.0 (Windows NT 10.0; Win64; x64) AppleWebKit/537.36 (KHTML, like Gecko) Chrome/78.0.3904.108 Safari/537.36" "blueribbonstationery.com"
51.12.50.173 - - [21/Sep/2022:09:50:20 -0700] "GET /wp2/wp-includes/wlwmanifest.xml HTTP/1.1" 404 73 "-" "Mozilla/5.0 (Windows NT 10.0; Win64; x64) AppleWebKit/537.36 (KHTML, like Gecko) Chrome/78.0.3904.108 Safari/537.36" "blueribbondesign.com"
51.12.50.173 - - [21/Sep/2022:09:50:20 -0700] "GET / HTTP/1.1" 200 398 "-" "Mozilla/5.0 (Windows NT 10.0; Win64; x64) AppleWebKit/537.36 (KHTML, like Gecko) Chrome/78.0.3904.108 Safari/537.36" "blueribbonstationery.com"
51.12.50.173 - - [21/Sep/2022:09:50:20 -0700] "GET /site/wp-includes/wlwmanifest.xml HTTP/1.1" 404 73 "-" "Mozilla/5.0 (Windows NT 10.0; Win64; x64) AppleWebKit/537.36 (KHTML, like Gecko) Chrome/78.0.3904.108 Safari/537.36" "blueribbondesign.com"
51.12.50.173 - - [21/Sep/2022:09:50:20 -0700] "GET /blog/wp-includes/wlwmanifest.xml HTTP/1.1" 404 73 "-" "Mozilla/5.0 (Windows NT 10.0; Win64; x64) AppleWebKit/537.36 (KHTML, like Gecko) Chrome/78.0.3904.108 Safari/537.36" "blueribbonstationery.com"
51.12.50.173 - - [21/Sep/2022:09:50:20 -0700] "GET /cms/wp-includes/wlwmanifest.xml HTTP/1.1" 404 73 "-" "Mozilla/5.0 (Windows NT 10.0; Win64; x64) AppleWebKit/537.36 (KHTML, like Gecko) Chrome/78.0.3904.108 Safari/537.36" "blueribbondesign.com"
51.12.50.173 - - [21/Sep/2022:09:50:21 -0700] "GET /web/wp-includes/wlwmanifest.xml HTTP/1.1" 404 73 "-" "Mozilla/5.0 (Windows NT 10.0; Win64; x64) AppleWebKit/537.36 (KHTML, like Gecko) Chrome/78.0.3904.108 Safari/537.36" "blueribbonstationery.com"
51.12.50.173 - - [21/Sep/2022:09:50:21 -0700] "GET /sito/wp-includes/wlwmanifest.xml HTTP/1.1" 404 73 "-" "Mozilla/5.0 (Windows NT 10.0; Win64; x64) AppleWebKit/537.36 (KHTML, like Gecko) Chrome/78.0.3904.108 Safari/537.36" "blueribbondesign.com"
51.12.50.173 - - [21/Sep/2022:09:50:21 -0700] "GET /wordpress/wp-includes/wlwmanifest.xml HTTP/1.1" 404 73 "-" "Mozilla/5.0 (Windows NT 10.0; Win64; x64) AppleWebKit/537.36 (KHTML, like Gecko) Chrome/78.0.3904.108 Safari/537.36" "blueribbonstationery.com"
51.12.50.173 - - [21/Sep/2022:09:50:21 -0700] "GET /website/wp-includes/wlwmanifest.xml HTTP/1.1" 404 73 "-" "Mozilla/5.0 (Windows NT 10.0; Win64; x64) AppleWebKit/537.36 (KHTML, like Gecko) Chrome/78.0.3904.108 Safari/537.36" "blueribbonstationery.com"
51.12.50.173 - - [21/Sep/2022:09:50:22 -0700] "GET /wp/wp-includes/wlwmanifest.xml HTTP/1.1" 404 73 "-" "Mozilla/5.0 (Windows NT 10.0; Win64; x64) AppleWebKit/537.36 (KHTML, like Gecko) Chrome/78.0.3904.108 Safari/537.36" "blueribbonstationery.com"
51.12.50.173 - - [21/Sep/2022:09:50:22 -0700] "GET /news/wp-includes/wlwmanifest.xml HTTP/1.1" 404 73 "-" "Mozilla/5.0 (Windows NT 10.0; Win64; x64) AppleWebKit/537.36 (KHTML, like Gecko) Chrome/78.0.3904.108 Safari/537.36" "blueribbonstationery.com"
51.12.50.173 - - [21/Sep/2022:09:50:22 -0700] "GET /2018/wp-includes/wlwmanifest.xml HTTP/1.1" 404 73 "-" "Mozilla/5.0 (Windows NT 10.0; Win64; x64) AppleWebKit/537.36 (KHTML, like Gecko) Chrome/78.0.3904.108 Safari/537.36" "blueribbonstationery.com"
51.12.50.173 - - [21/Sep/2022:09:50:23 -0700] "GET /shop/wp-includes/wlwmanifest.xml HTTP/1.1" 404 73 "-" "Mozilla/5.0 (Windows NT 10.0; Win64; x64) AppleWebKit/537.36 (KHTML, like Gecko) Chrome/78.0.3904.108 Safari/537.36" "blueribbonstationery.com"
51.12.50.173 - - [21/Sep/2022:09:50:23 -0700] "GET /wp1/wp-includes/wlwmanifest.xml HTTP/1.1" 404 73 "-" "Mozilla/5.0 (Windows NT 10.0; Win64; x64) AppleWebKit/537.36 (KHTML, like Gecko) Chrome/78.0.3904.108 Safari/537.36" "blueribbonstationery.com"
51.12.50.173 - - [21/Sep/2022:09:50:24 -0700] "GET /test/wp-includes/wlwmanifest.xml HTTP/1.1" 404 73 "-" "Mozilla/5.0 (Windows NT 10.0; Win64; x64) AppleWebKit/537.36 (KHTML, like Gecko) Chrome/78.0.3904.108 Safari/537.36" "blueribbonstationery.com"
51.12.50.173 - - [21/Sep/2022:09:50:24 -0700] "GET /media/wp-includes/wlwmanifest.xml HTTP/1.1" 404 73 "-" "Mozilla/5.0 (Windows NT 10.0; Win64; x64) AppleWebKit/537.36 (KHTML, like Gecko) Chrome/78.0.3904.108 Safari/537.36" "blueribbonstationery.com"
51.12.50.173 - - [21/Sep/2022:09:50:24 -0700] "GET /wp2/wp-includes/wlwmanifest.xml HTTP/1.1" 404 73 "-" "Mozilla/5.0 (Windows NT 10.0; Win64; x64) AppleWebKit/537.36 (KHTML, like Gecko) Chrome/78.0.3904.108 Safari/537.36" "blueribbonstationery.com"
51.12.50.173 - - [21/Sep/2022:09:50:25 -0700] "GET /site/wp-includes/wlwmanifest.xml HTTP/1.1" 404 73 "-" "Mozilla/5.0 (Windows NT 10.0; Win64; x64) AppleWebKit/537.36 (KHTML, like Gecko) Chrome/78.0.3904.108 Safari/537.36" "blueribbonstationery.com"
51.12.50.173 - - [21/Sep/2022:09:50:25 -0700] "GET /cms/wp-includes/wlwmanifest.xml HTTP/1.1" 404 73 "-" "Mozilla/5.0 (Windows NT 10.0; Win64; x64) AppleWebKit/537.36 (KHTML, like Gecko) Chrome/78.0.3904.108 Safari/537.36" "blueribbonstationery.com"
51.12.50.173 - - [21/Sep/2022:09:50:25 -0700] "GET /sito/wp-includes/wlwmanifest.xml HTTP/1.1" 404 73 "-" "Mozilla/5.0 (Windows NT 10.0; Win64; x64) AppleWebKit/537.36 (KHTML, like Gecko) Chrome/78.0.3904.108 Safari/537.36" "blueribbonstationery.com"
157.90.182.23 - - [21/Sep/2022:09:57:16 -0700] "GET /robots.txt HTTP/1.1" 404 88 "-" "Mozilla/5.0 (compatible; BLEXBot/1.0; +http://webmeup-crawler.com/)" "blueribbondesign.com"
157.90.182.23 - - [21/Sep/2022:09:57:16 -0700] "GET /sitemap HTTP/1.1" 404 88 "-" "Mozilla/5.0 (compatible; BLEXBot/1.0; +http://webmeup-crawler.com/)" "blueribbondesign.com"
51.15.183.168 - - [21/Sep/2022:09:58:19 -0700] "GET /includes/fckeditor/editor/filemanager/browser/default/connectors/php/connector.php?Command=GetFoldersAndFiles&Type=File&CurrentFolder=%2F HTTP/1.1" 404 73 "-" "Mozilla/5.0 (Windows NT 6.3; Win64; x64) AppleWebKit/537.36 (KHTML, like Gecko) Chrome/75.0.3770.100 Safari/537.36" "blueribbonstationery.com"
157.90.182.23 - - [21/Sep/2022:09:58:44 -0700] "GET /?C=D;O=A HTTP/1.1" 200 270 "-" "Mozilla/5.0 (compatible; BLEXBot/1.0; +http://webmeup-crawler.com/)" "blueribbondesign.com"
157.90.182.23 - - [21/Sep/2022:09:59:11 -0700] "GET /?C=M;O=A HTTP/1.1" 200 271 "-" "Mozilla/5.0 (compatible; BLEXBot/1.0; +http://webmeup-crawler.com/)" "blueribbondesign.com"
157.90.182.23 - - [21/Sep/2022:09:59:39 -0700] "GET /?C=N;O=D HTTP/1.1" 200 268 "-" "Mozilla/5.0 (compatible; BLEXBot/1.0; +http://webmeup-crawler.com/)" "blueribbondesign.com"
157.90.182.23 - - [21/Sep/2022:10:00:06 -0700] "GET /?C=S;O=A HTTP/1.1" 200 271 "-" "Mozilla/5.0 (compatible; BLEXBot/1.0; +http://webmeup-crawler.com/)" "blueribbondesign.com"
216.244.66.249 - - [21/Sep/2022:10:16:30 -0700] "GET /robots.txt HTTP/1.1" 404 73 "-" "Mozilla/5.0 (compatible; DotBot/1.2; +https://opensiteexplorer.org/dotbot; help@moz.com)" "www.blueribbondesign.com"
66.249.68.24 - - [21/Sep/2022:10:24:28 -0700] "GET /images/GinghamGrosgrain_square_Scarlet.jpg HTTP/1.1" 404 88 "-" "Mozilla/5.0 (compatible; Googlebot/2.1; +http://www.google.com/bot.html)" "www.blueribbondesign.com"
114.119.132.9 - - [21/Sep/2022:10:26:25 -0700] "GET /?gclid=CJHFg5L0kpoCFQRhswodpzs5OA HTTP/1.1" 200 270 "http://www.i-do-it-yourself.com/category/general/page/5" "Mozilla/5.0 (Linux; Android 7.0;) AppleWebKit/537.36 (KHTML, like Gecko) Mobile Safari/537.36 (compatible; PetalBot;+https://webmaster.petalsearch.com/site/petalbot)" "www.blueribbondesign.com"
66.249.68.40 - - [21/Sep/2022:10:32:17 -0700] "GET /images/StylishCalligraphyInvite_2.jpg HTTP/1.1" 404 88 "-" "Mozilla/5.0 (compatible; Googlebot/2.1; +http://www.google.com/bot.html)" "blueribbondesign.com"
66.249.68.24 - - [21/Sep/2022:10:32:18 -0700] "GET /images/ArabicMotif_peppermint.jpg HTTP/1.1" 404 88 "-" "Mozilla/5.0 (compatible; Googlebot/2.1; +http://www.google.com/bot.html)" "www.blueribbondesign.com"
205.210.31.17 - - [21/Sep/2022:10:53:19 -0700] "GET / HTTP/1.1" 200 398 "-" "Expanse, a Palo Alto Networks company, searches across the global IPv4 space multiple times per day to identify customers&#39; presences on the Internet. If you would like to be excluded from our scans, please send IP addresses/domains to: scaninfo@paloaltonetworks.com" "www.blueribbondesign.com"
66.249.68.20 - - [21/Sep/2022:10:56:07 -0700] "GET /images/BowtieGarlandInvite_mermaid.jpg HTTP/1.1" 404 88 "-" "Mozilla/5.0 (compatible; Googlebot/2.1; +http://www.google.com/bot.html)" "www.blueribbondesign.com"
66.249.68.40 - - [21/Sep/2022:11:00:47 -0700] "GET /images/FestiveStyleInvite.jpg HTTP/1.1" 404 88 "-" "Mozilla/5.0 (compatible; Googlebot/2.1; +http://www.google.com/bot.html)" "blueribbondesign.com"
216.244.66.249 - - [21/Sep/2022:11:10:55 -0700] "GET /robots.txt HTTP/1.1" 404 73 "-" "Mozilla/5.0 (compatible; DotBot/1.2; +https://opensiteexplorer.org/dotbot; help@moz.com)" "www.blueribbondesign.com"
66.249.68.20 - - [21/Sep/2022:11:19:52 -0700] "GET /images/SpiralsPhotoMountBlack.jpg HTTP/1.1" 404 88 "-" "Mozilla/5.0 (compatible; Googlebot/2.1; +http://www.google.com/bot.html)" "www.blueribbondesign.com"
40.77.167.101 - - [21/Sep/2022:11:24:55 -0700] "GET /robots.txt HTTP/1.1" 404 88 "-" "Mozilla/5.0 (compatible; bingbot/2.0; +http://www.bing.com/bingbot.htm)" "www.blueribbondesign.com"
40.77.167.101 - - [21/Sep/2022:11:24:55 -0700] "GET /robots.txt HTTP/1.1" 404 88 "-" "Mozilla/5.0 (compatible; bingbot/2.0; +http://www.bing.com/bingbot.htm)" "www.blueribbondesign.com"
136.243.220.213 - - [21/Sep/2022:11:43:34 -0700] "GET / HTTP/1.1" 200 270 "-" "Mozilla/5.0 (compatible; DataForSeoBot/1.0; +https://dataforseo.com/dataforseo-bot)" "www.blueribbondesign.com"
66.249.68.20 - - [21/Sep/2022:11:49:39 -0700] "GET /images/SimplestofJoys_5x7_Fog.jpg HTTP/1.1" 404 88 "-" "Mozilla/5.0 (compatible; Googlebot/2.1; +http://www.google.com/bot.html)" "www.blueribbondesign.com"
207.46.13.40 - - [21/Sep/2022:11:55:30 -0700] "GET /images/LinenLove_charcoal.jpg HTTP/1.1" 404 88 "-" "Mozilla/5.0 (compatible; bingbot/2.0; +http://www.bing.com/bingbot.htm)" "www.blueribbondesign.com"
66.249.68.44 - - [21/Sep/2022:12:08:17 -0700] "GET /images/BowtieGarlandInvite_emerald_2.jpg HTTP/1.1" 404 88 "-" "Mozilla/5.0 (compatible; Googlebot/2.1; +http://www.google.com/bot.html)" "blueribbondesign.com"
66.249.68.44 - - [21/Sep/2022:12:12:58 -0700] "GET /images/SimplestofJoys_5x7_2photo_Fog.jpg HTTP/1.1" 404 88 "-" "Mozilla/5.0 (compatible; Googlebot/2.1; +http://www.google.com/bot.html)" "blueribbondesign.com"
66.249.68.16 - - [21/Sep/2022:12:13:05 -0700] "GET /images/GinghamGrosgrain_round_Scarlet.jpg HTTP/1.1" 404 88 "-" "Mozilla/5.0 (compatible; Googlebot/2.1; +http://www.google.com/bot.html)" "www.blueribbondesign.com"
66.249.68.20 - - [21/Sep/2022:12:26:03 -0700] "GET /images/HanukkahCharm_FlatCard.jpg HTTP/1.1" 404 88 "-" "Mozilla/5.0 (compatible; Googlebot/2.1; +http://www.google.com/bot.html)" "www.blueribbondesign.com"
66.249.68.20 - - [21/Sep/2022:12:26:21 -0700] "GET /images/WishfulSnowfall_5x7_3photo_Wave.jpg HTTP/1.1" 404 88 "-" "Mozilla/5.0 (compatible; Googlebot/2.1; +http://www.google.com/bot.html)" "www.blueribbondesign.com"
66.249.68.16 - - [21/Sep/2022:12:26:49 -0700] "GET /images/ExquisiteDamask_richred.jpg HTTP/1.1" 404 88 "-" "Mozilla/5.0 (compatible; Googlebot/2.1; +http://www.google.com/bot.html)" "www.blueribbondesign.com"
66.249.68.40 - - [21/Sep/2022:12:28:57 -0700] "GET /images/SnowyStripes_5x7h_2photo_Cabernet.jpg HTTP/1.1" 404 88 "-" "Mozilla/5.0 (compatible; Googlebot/2.1; +http://www.google.com/bot.html)" "blueribbondesign.com"
66.249.68.24 - - [21/Sep/2022:12:36:25 -0700] "GET /images/ArabicMotif_khaki.jpg HTTP/1.1" 404 88 "-" "Mozilla/5.0 (compatible; Googlebot/2.1; +http://www.google.com/bot.html)" "www.blueribbondesign.com"
66.249.68.44 - - [21/Sep/2022:12:39:33 -0700] "GET /images/LeafyScreen_richred_2.jpg HTTP/1.1" 404 88 "-" "Mozilla/5.0 (compatible; Googlebot/2.1; +http://www.google.com/bot.html)" "blueribbondesign.com"
66.249.68.44 - - [21/Sep/2022:12:50:04 -0700] "GET /images/ArabicMotif_peppermint_2.jpg HTTP/1.1" 404 88 "-" "Mozilla/5.0 (compatible; Googlebot/2.1; +http://www.google.com/bot.html)" "blueribbondesign.com"
66.249.68.44 - - [21/Sep/2022:12:56:49 -0700] "GET /images/ArabicMotif_khaki.jpg HTTP/1.1" 404 88 "-" "Mozilla/5.0 (compatible; Googlebot/2.1; +http://www.google.com/bot.html)" "blueribbondesign.com"
66.249.68.40 - - [21/Sep/2022:13:00:48 -0700] "GET /images/FestiveStyleInvite_2.jpg HTTP/1.1" 404 88 "-" "Mozilla/5.0 (compatible; Googlebot/2.1; +http://www.google.com/bot.html)" "blueribbondesign.com"
66.249.68.24 - - [21/Sep/2022:13:19:35 -0700] "GET /images/SimplestofJoys_5x7F_Mist.jpg HTTP/1.1" 404 88 "-" "Mozilla/5.0 (compatible; Googlebot/2.1; +http://www.google.com/bot.html)" "www.blueribbondesign.com"
38.142.11.235 - - [21/Sep/2022:13:19:43 -0700] "GET /images/WishfulSnowfall_5x7_SpruceGreen.jpg HTTP/1.1" 404 73 "-" "Mozilla/5.0 (X11; Ubuntu; Linux x86_64; rv:72.0) Gecko/20100101 Firefox/72.0" "blueribbondesign.com"
38.142.11.235 - - [21/Sep/2022:13:19:44 -0700] "GET /images/WishfulSnowfall_5x7_SpruceGreen.jpg HTTP/1.1" 404 73 "-" "Mozilla/5.0 (X11; Ubuntu; Linux x86_64; rv:72.0) Gecko/20100101 Firefox/72.0" "blueribbondesign.com"
66.249.68.40 - - [21/Sep/2022:13:29:12 -0700] "GET /images/ExquisiteDamask_bark.jpg HTTP/1.1" 404 88 "-" "Mozilla/5.0 (compatible; Googlebot/2.1; +http://www.google.com/bot.html)" "blueribbondesign.com"
119.8.107.217 - - [21/Sep/2022:13:31:55 -0700] "GET /images/TreeLineCheer_5x7F_SpruceGreen.jpg HTTP/1.1" 404 88 "-" "Mozilla/5.0 (Windows NT 10.0; Win64; x64) AppleWebKit/537.36 (KHTML, like Gecko) Chrome/54.0.2840.99 Safari/537.36" "blueribbondesign.com"
66.249.68.42 - - [21/Sep/2022:13:41:48 -0700] "GET /images/TreeLineCheer_Postcard_SpruceGreen.jpg HTTP/1.1" 404 88 "-" "Mozilla/5.0 (compatible; Googlebot/2.1; +http://www.google.com/bot.html)" "blueribbondesign.com"
185.83.144.103 - - [21/Sep/2022:13:57:28 -0700] "GET /aws.credentials HTTP/1.1" 404 88 "-" "Mozilla/5.0 (X11; Linux x86_64) AppleWebKit/537.36 (KHTML, like Gecko) Chrome/81.0.4044.129 Safari/537.36" "blueribbonstationery.com"
185.83.144.103 - - [21/Sep/2022:13:57:28 -0700] "GET /aws.credentials HTTP/1.1" 404 88 "-" "Mozilla/5.0 (X11; Linux x86_64) AppleWebKit/537.36 (KHTML, like Gecko) Chrome/81.0.4044.129 Safari/537.36" "blueribbonstationery.com"
34.67.96.123 - - [21/Sep/2022:14:12:42 -0700] "GET /images/JoyfulHanukkah_square_Storm.jpg HTTP/1.1" 404 73 "-" "Mozilla/5.0 (X11; Ubuntu; Linux x86_64; rv:72.0) Gecko/20100101 Firefox/72.0" "www.blueribbondesign.com"
20.171.104.236 - - [21/Sep/2022:14:14:26 -0700] "GET /Makhdamxshell.php HTTP/1.1" 404 88 "-" "Mozilla/5.0 (Windows NT 10.0; Win64; x64) AppleWebKit/537.36 (KHTML, like Gecko) Chrome/85.0.4183.102 Safari/537.36" "blueribbondesign.com"
20.171.104.236 - - [21/Sep/2022:14:14:30 -0700] "GET /wp-admin/includes/class-wp-media-list-data.php HTTP/1.1" 404 88 "-" "Mozilla/5.0 (Windows NT 10.0; Win64; x64) AppleWebKit/537.36 (KHTML, like Gecko) Chrome/85.0.4183.102 Safari/537.36" "blueribbondesign.com"
20.171.104.236 - - [21/Sep/2022:14:14:42 -0700] "GET /wp-includes/wp-class.php HTTP/1.1" 404 88 "-" "Mozilla/5.0 (Windows NT 10.0; Win64; x64) AppleWebKit/537.36 (KHTML, like Gecko) Chrome/85.0.4183.102 Safari/537.36" "blueribbondesign.com"
20.171.104.236 - - [21/Sep/2022:14:16:19 -0700] "GET /fw.php HTTP/1.1" 404 88 "-" "Mozilla/5.0 (Windows NT 10.0; Win64; x64) AppleWebKit/537.36 (KHTML, like Gecko) Chrome/85.0.4183.102 Safari/537.36" "blueribbondesign.com"
20.171.104.236 - - [21/Sep/2022:14:16:40 -0700] "GET /fx.php HTTP/1.1" 404 88 "-" "Mozilla/5.0 (Windows NT 10.0; Win64; x64) AppleWebKit/537.36 (KHTML, like Gecko) Chrome/85.0.4183.102 Safari/537.36" "blueribbondesign.com"
20.171.104.236 - - [21/Sep/2022:14:17:05 -0700] "GET /ups.php HTTP/1.1" 404 88 "-" "Mozilla/5.0 (Windows NT 10.0; Win64; x64) AppleWebKit/537.36 (KHTML, like Gecko) Chrome/85.0.4183.102 Safari/537.36" "blueribbondesign.com"
20.171.104.236 - - [21/Sep/2022:14:17:13 -0700] "GET /wikindex.php HTTP/1.1" 404 88 "-" "Mozilla/5.0 (Windows NT 10.0; Win64; x64) AppleWebKit/537.36 (KHTML, like Gecko) Chrome/85.0.4183.102 Safari/537.36" "blueribbondesign.com"
20.171.104.236 - - [21/Sep/2022:14:17:25 -0700] "GET /1index.php HTTP/1.1" 404 88 "-" "Mozilla/5.0 (Windows NT 10.0; Win64; x64) AppleWebKit/537.36 (KHTML, like Gecko) Chrome/85.0.4183.102 Safari/537.36" "blueribbondesign.com"
20.171.104.236 - - [21/Sep/2022:14:17:29 -0700] "GET /0.php HTTP/1.1" 404 88 "-" "Mozilla/5.0 (Windows NT 10.0; Win64; x64) AppleWebKit/537.36 (KHTML, like Gecko) Chrome/85.0.4183.102 Safari/537.36" "blueribbondesign.com"
20.171.104.236 - - [21/Sep/2022:14:17:43 -0700] "GET /01.php HTTP/1.1" 404 88 "-" "Mozilla/5.0 (Windows NT 10.0; Win64; x64) AppleWebKit/537.36 (KHTML, like Gecko) Chrome/85.0.4183.102 Safari/537.36" "blueribbondesign.com"
20.171.104.236 - - [21/Sep/2022:14:18:11 -0700] "GET /0byte HTTP/1.1" 404 88 "-" "Mozilla/5.0 (Windows NT 10.0; Win64; x64) AppleWebKit/537.36 (KHTML, like Gecko) Chrome/85.0.4183.102 Safari/537.36" "blueribbondesign.com"
20.171.104.236 - - [21/Sep/2022:14:18:41 -0700] "GET /0byte.php HTTP/1.1" 404 88 "-" "Mozilla/5.0 (Windows NT 10.0; Win64; x64) AppleWebKit/537.36 (KHTML, like Gecko) Chrome/85.0.4183.102 Safari/537.36" "blueribbondesign.com"
20.171.104.236 - - [21/Sep/2022:14:18:47 -0700] "GET /1.php HTTP/1.1" 404 88 "-" "Mozilla/5.0 (Windows NT 10.0; Win64; x64) AppleWebKit/537.36 (KHTML, like Gecko) Chrome/85.0.4183.102 Safari/537.36" "blueribbondesign.com"
20.171.104.236 - - [21/Sep/2022:14:18:54 -0700] "GET /10.php HTTP/1.1" 404 88 "-" "Mozilla/5.0 (Windows NT 10.0; Win64; x64) AppleWebKit/537.36 (KHTML, like Gecko) Chrome/85.0.4183.102 Safari/537.36" "blueribbondesign.com"
20.171.104.236 - - [21/Sep/2022:14:19:12 -0700] "GET /100.php HTTP/1.1" 404 88 "-" "Mozilla/5.0 (Windows NT 10.0; Win64; x64) AppleWebKit/537.36 (KHTML, like Gecko) Chrome/85.0.4183.102 Safari/537.36" "blueribbondesign.com"
20.171.104.236 - - [21/Sep/2022:14:20:26 -0700] "GET /13.php HTTP/1.1" 404 88 "-" "Mozilla/5.0 (Windows NT 10.0; Win64; x64) AppleWebKit/537.36 (KHTML, like Gecko) Chrome/85.0.4183.102 Safari/537.36" "blueribbondesign.com"
20.171.104.236 - - [21/Sep/2022:14:20:36 -0700] "GET /1337.php HTTP/1.1" 404 88 "-" "Mozilla/5.0 (Windows NT 10.0; Win64; x64) AppleWebKit/537.36 (KHTML, like Gecko) Chrome/85.0.4183.102 Safari/537.36" "blueribbondesign.com"
20.171.104.236 - - [21/Sep/2022:14:20:44 -0700] "GET /2.php HTTP/1.1" 404 88 "-" "Mozilla/5.0 (Windows NT 10.0; Win64; x64) AppleWebKit/537.36 (KHTML, like Gecko) Chrome/85.0.4183.102 Safari/537.36" "blueribbondesign.com"
20.171.104.236 - - [21/Sep/2022:14:20:53 -0700] "GET /2index.php HTTP/1.1" 404 88 "-" "Mozilla/5.0 (Windows NT 10.0; Win64; x64) AppleWebKit/537.36 (KHTML, like Gecko) Chrome/85.0.4183.102 Safari/537.36" "blueribbondesign.com"
20.171.104.236 - - [21/Sep/2022:14:21:04 -0700] "GET /3.php HTTP/1.1" 404 88 "-" "Mozilla/5.0 (Windows NT 10.0; Win64; x64) AppleWebKit/537.36 (KHTML, like Gecko) Chrome/85.0.4183.102 Safari/537.36" "blueribbondesign.com"
20.171.104.236 - - [21/Sep/2022:14:21:11 -0700] "GET /4.php HTTP/1.1" 404 88 "-" "Mozilla/5.0 (Windows NT 10.0; Win64; x64) AppleWebKit/537.36 (KHTML, like Gecko) Chrome/85.0.4183.102 Safari/537.36" "blueribbondesign.com"
20.171.104.236 - - [21/Sep/2022:14:21:15 -0700] "GET /403.php HTTP/1.1" 404 88 "-" "Mozilla/5.0 (Windows NT 10.0; Win64; x64) AppleWebKit/537.36 (KHTML, like Gecko) Chrome/85.0.4183.102 Safari/537.36" "blueribbondesign.com"
20.171.104.236 - - [21/Sep/2022:14:21:34 -0700] "GET /404.php HTTP/1.1" 404 88 "-" "Mozilla/5.0 (Windows NT 10.0; Win64; x64) AppleWebKit/537.36 (KHTML, like Gecko) Chrome/85.0.4183.102 Safari/537.36" "blueribbondesign.com"
20.171.104.236 - - [21/Sep/2022:14:21:37 -0700] "GET /5.php HTTP/1.1" 404 88 "-" "Mozilla/5.0 (Windows NT 10.0; Win64; x64) AppleWebKit/537.36 (KHTML, like Gecko) Chrome/85.0.4183.102 Safari/537.36" "blueribbondesign.com"
20.171.104.236 - - [21/Sep/2022:14:22:15 -0700] "GET /9.php HTTP/1.1" 404 88 "-" "Mozilla/5.0 (Windows NT 10.0; Win64; x64) AppleWebKit/537.36 (KHTML, like Gecko) Chrome/85.0.4183.102 Safari/537.36" "blueribbondesign.com"
20.171.104.236 - - [21/Sep/2022:14:22:28 -0700] "GET /Alfa.php HTTP/1.1" 404 88 "-" "Mozilla/5.0 (Windows NT 10.0; Win64; x64) AppleWebKit/537.36 (KHTML, like Gecko) Chrome/85.0.4183.102 Safari/537.36" "blueribbondesign.com"
20.171.104.236 - - [21/Sep/2022:14:22:41 -0700] "GET /FoxWSO.php HTTP/1.1" 404 88 "-" "Mozilla/5.0 (Windows NT 10.0; Win64; x64) AppleWebKit/537.36 (KHTML, like Gecko) Chrome/85.0.4183.102 Safari/537.36" "blueribbondesign.com"
